divisor of a and 3?
3
Let y = -145 - -236. What is the highest common divisor of y and 13?
13
Let l(t) = t**3 + 11*t**2 - t + 7. Let o be l(-11). What is the greatest common factor of 9 and o?
9
Let x(j) = j + 3. Let c be x(15). Calculate the highest common factor of c and 6.
6
Let i be (2*2)/(-2) - -7. Let x(h) = h**2 - 14*h + 18. Let d be x(13). Calculate the highest common divisor of d and i.
5
Suppose -12 + 30 = o. Calculate the greatest common divisor of 126 and o.
18
Suppose 2*c - 420 = 3*s, s = -0*s - 4. Let i = -100 + c. Calculate the greatest common divisor of i and 13.
13
Let x(i) = i**3 + 5*i**2 + i + 7. Let k be x(-5). Suppose 0 = k*a + 3 - 5. Calculate the highest common divisor of a and 1.
1
Let c(s) = -s - 2 - 2*s + 0*s + s**3. Suppose 9 = 3*b - 0*b. Let m be c(b). What is the greatest common factor of 40 and m?
8
Let g be 1/((4 + 1)/50). What is the greatest common factor of 20 and g?
10
Let z(o) = -o - 2. Let v be 23/(-7) + 16/56. Let g be z(v). Suppose 0 = -2*j - j + 3. Calculate the highest common factor of j and g.
1
Let m = 29 - -13. Suppose -o + 73 = 5*d, o - 55 = -5*d + 6*o. What is the highest common factor of m and d?
14
Let l = 32 + -4. Let t = l + -60. Let k be t/(-6)*12/8. What is the highest common factor of k and 8?
8
Suppose -4*r + 84 = 2*k, -6*k + k + 105 = 5*r. Suppose -5 = 4*s - r. Let p = s + 20. What is the highest common factor of 16 and p?
8
Let f(u) be the first derivative of -10*u + 0*u**2 + 2 + 1/3*u**3. Let w be f(-7). Calculate the greatest common divisor of 26 and w.
13
Let p = 165 - 60. Calculate the highest common divisor of p and 42.
21
Suppose 2*i + 183 = 3*w - i, -4*w = 2*i - 268. Calculate the highest common divisor of w and 26.
13
Let o(p) = -15*p + 15. Let v(k) = -7*k + 7. Let i(l) = 4*o(l) - 9*v(l). Let q be i(5). What is the greatest common divisor of q and 84?
12
Let b(r) = r**3 + 4*r**2 + 2*r - 1. Let p be b(-2). Let u be 6/(-18) + 25/p. Calculate the highest common divisor of u and 72.
8
Suppose -5*x + 23 = -3*d - 40, -64 = -5*x + 4*d. Calculate the greatest common divisor of x and 108.
12
Let a(g) = g**2 + 7*g + 9. Let v be a(-6). Calculate the highest common divisor of v and 3.
3
Let z = 17 - 43. Suppose 0 = 2*u + 4*w - 90, 87 = 2*u - 0*w + 3*w. Let t = u + z. Calculate the greatest common factor of t and 26.
13
Suppose h - 2*q = -5, 11 + 1 = 4*q. Suppose -k = -2 - 1. Suppose z + 4*z = 0, 2*x = k*z + 14. What is the highest common divisor of h and x?
1
Let r = 8 + -3. Suppose y - 20 = r. What is the highest common factor of 5 and y?
5
Suppose 3*d - 72 = d. Suppose 3*j = -j + d. Suppose -3*l - 3*p - 33 = -4*l, l - 21 = -3*p. Calculate the greatest common factor of j and l.
9
Let v(h) = 2*h**3 - 3*h**3 + 6*h + 2*h**3 - 6*h**2 - 2. Let y be v(5). What is the greatest common divisor of 12 and y?
3
Let g be ((-3696)/(-30))/7*5. What is the highest common factor of 22 and g?
22
Let m(y) = -3*y - 1. Let b be ((-9)/1 - 0) + 2. Let w = b - -3. Let p be m(w). What is the highest common factor of p and 33?
11
Let i be (-3)/(9/(-48)) + 4. Suppose 0 = -4*m - 3*x + i, 0 = -5*m + x + 6 + 19. Calculate the greatest common divisor of m and 20.
5
Let w(h) = 2 + h**3 - 6 + 7*h**2 - 1. Let t = 8 + -13. Let d be w(t). Calculate the highest common divisor of 9 and d.
9
Let b = 68 - 44. Let q(j) = -6*j - 2. Let u be q(-3). What is the greatest common divisor of u and b?
8
Suppose 0 = i - 2*u + u + 21, -i + 5*u - 13 = 0. Let f(b) = -32*b**2 - 1. Let k be f(-1). Let n = i - k. Calculate the highest common divisor of 15 and n.
5
Let w(h) = -h**3 - 6*h**2 - h + 1. Let l be w(-6). Let k(n) = -n**3 + 8*n**2 - 6*n + 1. Let p be k(l). Calculate the highest common divisor of p and 8.
8
Let i(u) = u**2 + 6*u - 3. Suppose -5*x - 46 = -11. Let s be i(x). Let d(q) = 7*q - 4. Let v be d(s). What is the highest common factor of 3 and v?
3
Let f be (2/(-6) - 3)*-1*3. Calculate the greatest common divisor of f and 50.
10
Suppose 2*w - 3 = 1. Let o be -2*2*w/(-4). Suppose g - 12 = 4*y - 0*y, 0 = 2*g - o*y - 30. Calculate the highest common factor of 64 and g.
16
Let u = 151 - 103. Let l(f) = -f**3 + 5*f**2 + 6. Let m be l(5). Calculate the greatest common factor of u and m.
6
Let g(m) = m - 1. Let q(x) = -4*x + 4. Let r(s) = 10*g(s) + 2*q(s). Let u be r(3). What is the highest common divisor of 10 and u?
2
Let k be (4/5)/(6/45). What is the highest common divisor of k and 54?
6
Let c be 1/(0 - 2/4). Let h be 45*(6/(-5) - c). Calculate the highest common divisor of h and 9.
9
Suppose h + 1 = 9. Let w(c) = -c**3 + c**2 - 2*c + 2. Let n be w(2). Let s = n + h. Calculate the highest common factor of s and 1.
1
Suppose -35 - 28 = -3*a. Suppose -2*n + 3*w - 8*w = -a, 2*w = n - 24. What is the highest common factor of n and 27?
9
Suppose -3*q + 46 = 2*r, -115 = 2*r - 7*r - 3*q. What is the greatest common factor of r and 161?
23
Suppose 4*z - 29 = 47. Calculate the greatest common divisor of z and 19.
19
Suppose 5*o - o - 20 = -n, -15 = -3*o - n. What is the highest common divisor of 1 and o?
1
Suppose 0 = -w - 2*w - 5*v + 29, 2*v = 3*w - 1. Suppose 19 = -0*a + a + u, 9 = -w*u. What is the greatest common divisor of 198 and a?
22
Let o be 4 + 30/2 + -3. Calculate the greatest common factor of 8 and o.
8
Suppose -x + 5*x - 272 = 0. Let c = 104 - x. What is the greatest common factor of c and 18?
18
Let d(v) = 87*v + 1. Let x be d(2). Suppose m - x = -6*m. Calculate the greatest common factor of m and 200.
25
Let x be 40/6*42/5. What is the highest common factor of 140 and x?
28
Let b(h) = -h**2 + 4*h + 4. Let t be b(4). Let u be (t + -2)*(-147)/(-2). Calculate the highest common factor of 21 and u.
21
Suppose -6*b = -2*b - 352. Let f(h) = 0 + 3*h + h**2 - 2 - 5. Let y be f(-6). What is the greatest common divisor of y and b?
11
Let f(b) = b + 3. Let m be f(-3). Suppose -3*a - 3*l + 36 + 135 = 0, 2*a - 5*l - 100 = m. Calculate the highest common factor of a and 22.
11
Let l be (6/(-12))/((-2)/4). Calculate the greatest common divisor of l and 11.
1
Let u(p) = 12*p**2 + 1 - 11*p + 6*p + 5*p. Suppose 5*w + 5 = -0. Let f be u(w). What is the highest common divisor of 143 and f?
13
Let g = -7 - -12. What is the greatest common factor of g and 35?
5
Let r(j) = 4*j**3 + 2*j. Let o(c) = -4*c**3 - 3*c + 1. Let s(h) = 5*o(h) + 6*r(h). Let w be s(3). Calculate the highest common divisor of w and 13.
13
Let k = -25 - -58. Calculate the highest common factor of 33 and k.
33
Let y be (-91)/(-6) + (-4)/24. Calculate the greatest common divisor of y and 15.
15
Let h be (12/(-14))/(6/(-462)). Suppose 0 = x - 4*t, 3*x + 2*t = -2*x + h. What is the greatest common divisor of 48 and x?
12
Let t be (-2)/5 - (-64)/10. Suppose d = 4*d - t. Suppose -4 + 43 = 5*m + d*w, 4*m - 2*w = 42. What is the greatest common factor of m and 36?
9
Suppose -4*o + 60 = -60. Let y(f) be the third derivative of 23*f**4/24 - f**3/6 + 3*f**2. Let m be y(2). Calculate the greatest common divisor of m and o.
15
Let z(u) = -u**3 - 7*u**2 + 2*u + 6. Let y be z(-8). Calculate the highest common divisor of 18 and y.
18
Suppose 0 = d - 1. Let y be d - 3 - (-120 - 2). Suppose 0 = -4*n, -w - w + 4*n + y = 0. What is the highest common factor of w and 15?
15
Let d(o) = -o**2 - 16*o - 8. Let a be d(-8). Calculate the greatest common factor of 8 and a.
8
Let s be -60*((-24)/10)/3. What is the greatest common divisor of 24 and s?
24
Let f(u) = -u**3 + 8*u**2 + 5*u - 7. Let s be f(7). Let w = s - 49. What is the greatest common factor of w and 70?
14
Let g(f) = -f**3 - 6*f**2 + 6*f + 11. Let o be g(-7). Calculate the highest common factor of 45 and o.
9
Suppose 0*j = -j + 3. Suppose 608 = j*v + v. What is the greatest common factor of 19 and v?
19
Suppose 124 = 2*z - 62. What is the highest common divisor of z and 31?
31
Let l(m) = -4*m - 30. Let j be l(-13). Let u be (1 + -1 - 7) + -1. Let v = j + u. Calculate the greatest common divisor of v and 42.
14
Let r be (2 + (1 - 7))*-1. Let y = 1 + 19. Calculate the highest common factor of r and y.
4
Suppose 3*z = -25 + 265. Suppose 10 = 5*n - 0*n. Suppose -3*w + 45 = 4*f - n*w, 0 = f + 5*w - 35. Calculate the highest common divisor of z and f.
10
Let q be 18/(2/(-6) + 4/3). What is the highest common divisor of q and 4?
2
Suppose 2*b - 1 =